{"id":24603,"date":"2015-04-29T21:36:21","date_gmt":"2015-04-29T21:36:21","guid":{"rendered":"http:\/\/www.mippet.co\/?page_id=24603"},"modified":"2019-09-22T07:39:13","modified_gmt":"2019-09-22T07:39:13","slug":"galeria-de-imagenes","status":"publish","type":"page","link":"https:\/\/www.mippet.co\/?page_id=24603","title":{"rendered":"Galer\u00eda de Im\u00e1genes"},"content":{"rendered":"\n<p>Im\u00e1genes de producto, colores y tama\u00f1o. Disponibilidad en cualquier color a su elecci\u00f3n. Argolla de acero \u00abtipo llavero\u00bb incluida, Instrucciones de configuraci\u00f3n del Mippet en el empaque del producto.<\/p>\n\n\n\n\t\t<style type=\"text\/css\">\n\t\t\t#gallery-1 {\n\t\t\t\tmargin: auto;\n\t\t\t}\n\t\t\t#gallery-1 .gallery-item {\n\t\t\t\tfloat: left;\n\t\t\t\tmargin-top: 10px;\n\t\t\t\ttext-align: center;\n\t\t\t\twidth: 33%;\n\t\t\t}\n\t\t\t#gallery-1 img {\n\t\t\t\tborder: 2px solid #cfcfcf;\n\t\t\t}\n\t\t\t#gallery-1 .gallery-caption {\n\t\t\t\tmargin-left: 0;\n\t\t\t}\n\t\t\t\/* see gallery_shortcode() in wp-includes\/media.php *\/\n\t\t<\/style>\n\t\t<div id='gallery-1' class='gallery galleryid-24603 gallery-columns-3 gallery-size-thumbnail'><dl class='gallery-item'>\n\t\t\t<dt class='gallery-icon landscape'>\n\t\t\t\t<a href='https:\/\/www.mippet.co\/wp-content\/uploads\/2015\/04\/fe2.jpg' title=\"\" data-rl_title=\"\" class=\"rl-gallery-link\" data-rl_caption=\"\" data-rel=\"lightbox-gallery-1\"><img loading=\"lazy\" decoding=\"async\" width=\"150\" height=\"150\" src=\"https:\/\/www.mippet.co\/wp-content\/uploads\/2015\/04\/fe2-150x150.jpg\" class=\"attachment-thumbnail size-thumbnail\" alt=\"\" \/><\/a>\n\t\t\t<\/dt><\/dl><dl class='gallery-item'>\n\t\t\t<dt class='gallery-icon landscape'>\n\t\t\t\t<a href='https:\/\/www.mippet.co\/wp-content\/uploads\/2015\/04\/20150428_110820.jpg' title=\"\" data-rl_title=\"\" class=\"rl-gallery-link\" data-rl_caption=\"\" data-rel=\"lightbox-gallery-1\"><img loading=\"lazy\" decoding=\"async\" width=\"150\" height=\"150\" src=\"https:\/\/www.mippet.co\/wp-content\/uploads\/2015\/04\/20150428_110820-150x150.jpg\" class=\"attachment-thumbnail size-thumbnail\" alt=\"\" \/><\/a>\n\t\t\t<\/dt><\/dl><dl class='gallery-item'>\n\t\t\t<dt class='gallery-icon landscape'>\n\t\t\t\t<a href='https:\/\/www.mippet.co\/wp-content\/uploads\/2015\/04\/20150428_110610.jpg' title=\"\" data-rl_title=\"\" class=\"rl-gallery-link\" data-rl_caption=\"\" data-rel=\"lightbox-gallery-1\"><img loading=\"lazy\" decoding=\"async\" width=\"150\" height=\"150\" src=\"https:\/\/www.mippet.co\/wp-content\/uploads\/2015\/04\/20150428_110610-150x150.jpg\" class=\"attachment-thumbnail size-thumbnail\" alt=\"\" \/><\/a>\n\t\t\t<\/dt><\/dl><br style=\"clear: both\" \/>\n\t\t<\/div>\n","protected":false},"excerpt":{"rendered":"<p>Im\u00e1genes de producto, colores y tama\u00f1o. Disponibilidad en cualquier color a su elecci\u00f3n. Argolla de acero \u00abtipo llavero\u00bb incluida, Instrucciones de configuraci\u00f3n del Mippet en el empaque del producto.<\/p>\n","protected":false},"author":3,"featured_media":0,"parent":0,"menu_order":0,"comment_status":"closed","ping_status":"closed","template":"","meta":{"_acf_changed":false,"footnotes":""},"class_list":["post-24603","page","type-page","status-publish","hentry"],"acf":[],"_links":{"self":[{"href":"https:\/\/www.mippet.co\/index.php?rest_route=\/wp\/v2\/pages\/24603","targetHints":{"allow":["GET"]}}],"collection":[{"href":"https:\/\/www.mippet.co\/index.php?rest_route=\/wp\/v2\/pages"}],"about":[{"href":"https:\/\/www.mippet.co\/index.php?rest_route=\/wp\/v2\/types\/page"}],"author":[{"embeddable":true,"href":"https:\/\/www.mippet.co\/index.php?rest_route=\/wp\/v2\/users\/3"}],"replies":[{"embeddable":true,"href":"https:\/\/www.mippet.co\/index.php?rest_route=%2Fwp%2Fv2%2Fcomments&post=24603"}],"version-history":[{"count":10,"href":"https:\/\/www.mippet.co\/index.php?rest_route=\/wp\/v2\/pages\/24603\/revisions"}],"predecessor-version":[{"id":24762,"href":"https:\/\/www.mippet.co\/index.php?rest_route=\/wp\/v2\/pages\/24603\/revisions\/24762"}],"wp:attachment":[{"href":"https:\/\/www.mippet.co\/index.php?rest_route=%2Fwp%2Fv2%2Fmedia&parent=24603"}],"curies":[{"name":"wp","href":"https:\/\/api.w.org\/{rel}","templated":true}]}}